ghest common divisor of j and p.
29
Suppose -116*g + 29 = o - 115*g, -o - 2*g = -28. What is the greatest common divisor of o and 36015?
15
Suppose 3*o + 234 = -3*y, -2*y + 3 + 5 = 0. Let s be (-30)/(-195) - o/(-26). Let m be 39/(3*(-1)/s). Calculate the highest common divisor of 117 and m.
39
Suppose 102157 = 135*t + 376 - 44154. What is the highest common factor of 94 and t?
47
Suppose 0*u - 5*f = 2*u + 14, 0 = -u - 3*f - 9. Suppose u*p - 14 = -2*i - 8, -p - 8 = -i. Calculate the greatest common divisor of 30 and i.
6
Suppose -10*a = -158 - 1402. Suppose -5*u + c = -119, -48 = 5*u + 5*c - 173. What is the highest common factor of u and a?
12
Suppose -11*m + 3*m - 1504 = 0. Let u = 197 + m. Calculate the highest common factor of 3 and u.
3
Let q(s) = 2*s**3 + 44*s**2 - 49*s - 17. Let a be q(-23). What is the highest common divisor of 897 and a?
13
Suppose 3*m = -0*m + 252. Suppose 2*x + 2*n + 10 = 4*n, 5*x + n + 43 = 0. Let p be (-154)/(-21) + x + (-46)/(-6). What is the greatest common factor of p and m?
7
Let c = -24937 + 25071. Calculate the greatest common divisor of c and 2747.
67
Let d(t) = -t**3 + 28*t**2 + 51*t + 153. Let n be d(26). Calculate the greatest common factor of 19 and n.
19
Let i be (-6 - -2)/((-10)/5). Suppose -77 = -i*h + 27. Suppose -2*o - 3*d + h = 0, o + 5*d - 28 = 3*d. Calculate the greatest common divisor of 4 and o.
4
Suppose -7*x + 7253 = 7246. What is the greatest common factor of x and 1?
1
Let i(n) = 29*n - 16. Let r be i(7). Suppose 0 = 3*a - 12, -5*w + r = -a - 134. Calculate the greatest common divisor of w and 5.
5
Let a(u) = -11*u**3 - 9*u**2 - 3*u + 5. Let g = 157 - 160. Let q be a(g). What is the highest common divisor of q and 138?
46
Let o = 14 - -16. Let r = 8464 + -8344. What is the greatest common factor of r and o?
30
Let c be (-4 + 4/(4/3))/((-11)/77). What is the greatest common divisor of 714 and c?
7
Let s(z) = -5*z + 8. Let o be s(-2). Let d be 5340/o + ((-4)/3)/2. Let l = 287 + -250. What is the greatest common divisor of d and l?
37
Let s(d) = 38*d**2 + d + 1. Let q be s(-1). Let x = 936 + -955. Let g = q + x. What is the highest common divisor of g and 95?
19
Let q(w) = -w**2 + 8*w - 2. Suppose 66*g = 61*g - 90. Let p = g + 25. Let f be q(p). What is the highest common factor of 2 and f?
1
Let h be 35/140 + 399*(-3)/(-12). Calculate the greatest common factor of h and 175.
25
Let j(b) be the third derivative of -5*b**4/8 - b**3 + 6*b**2. Let s be j(-2). Let a = s - -36. What is the highest common factor of a and 20?
20
Let t = -968 + 3904. Calculate the greatest common factor of t and 4.
4
Let v(r) = -12*r**2 - 16*r - 69. Let t be v(-8). Let i = -667 - t. What is the highest common divisor of 567 and i?
21
Suppose -2*i - 3 - 3 = 0, -3 = -5*v - 4*i. Let f(k) = 2*k**2 - 14*k + 23. Let u be f(8). Calculate the greatest common factor of u and v.
3
Let m be (-6)/(-8)*((-57)/(-9) - 1). Suppose m*l + h - 67 = 0, -3*h + 73 = 4*l - 8*h. Calculate the greatest common factor of 187 and l.
17
Let b = -29 - -41. Let c be (-2 - (0 - 0)) + -6 + 10. Suppose 4*h = -q + 26, c*q - 4 = 4*h - 24. What is the highest common factor of h and b?
6
Suppose 3*m = -f + 7 + 9, 3*m = 3*f - 12. Let v(w) = w**2 - 5*w - 9. Let j be v(f). What is the highest common factor of j and 65?
5
Let o(q) = 5*q**2 - 3*q - 14. Let u be o(-3). Let p be (384/u)/((-15)/(-100)). What is the highest common divisor of p and 96?
32
Let k be -10*113*(-4)/8. Suppose 20*h + 45 = k. Let g(o) = -21*o - 3. Let u be g(-2). What is the greatest common factor of h and u?
13
Let y(a) = -4*a**2 - 3*a + 275. Let t be y(0). Suppose 2*s + h - 135 = 0, -4*h = 4*s - 3*h - t. Calculate the highest common factor of 350 and s.
70
Let f be (-106)/(-8) + (-2)/8. Let p(m) = -3*m**2 - 4*m + 53. Let v be p(-8). Let a = -68 - v. What is the greatest common divisor of a and f?
13
Suppose -10*t + 3*c - 147 = -13*t, -145 = -3*t - c. What is the greatest common divisor of 4864 and t?
16
Let j = 3756 + -3590. What is the greatest common factor of 415 and j?
83
Suppose 4*s + o = 468, -3*o - 235 + 827 = 5*s. What is the highest common factor of s and 22388?
116
Let x = 1979 + -1962. Calculate the highest common divisor of 14501 and x.
17
Let x be (3 + -17)/(-1 - 1). Suppose -5*r = -4*q + 66, -56*q + 51*q + 2*r + 74 = 0. Calculate the highest common divisor of x and q.
7
Suppose -m - 2*t = -20, -3*m + 26 = 4*t - 22. Calculate the greatest common factor of m and 10.
2
Suppose -11*u = 1322 - 4622. What is the greatest common factor of u and 780?
60
Let s = -2 + 6. Suppose -s*d = -39 - 17. Let o(v) = v**3 - 235*v**2 + 1140*v + 2398. Let z be o(230). Calculate the highest common factor of z and d.
14
Let a(w) = -486*w - 2294. Let i be a(-21). What is the greatest common divisor of 184 and i?
184
Suppose -5*p = 2*x + 7, -5*x - 65*p = -63*p - 14. Let m be 62 - (32/(-8))/x. Let w be -1 + (-10)/4*-4. What is the greatest common divisor of m and w?
9
Let r(u) = 10*u - 120. Let p be r(15). Let b(x) = 416*x - 11. Let a be b(1). Calculate the greatest common factor of a and p.
15
Suppose -r + 6*h = 7*h - 19, -55 = -3*r - h. Suppose r*u - 1368 = 6*u. Let z be 0 + 174 + 7 + -10. What is the greatest common factor of z and u?
57
Let a(w) = 41*w - 1. Let z be a(1). Suppose -u = -460 - 194. Let d = u + -614. What is the highest common divisor of z and d?
40
Let f = 258 - 181. Let x = 104 - f. Let y be (x - 0)/(6/(-24)*-6). What is the highest common divisor of y and 18?
18
Let g(w) = 6*w**2 - 20*w - 45. Let b be g(-2). Suppose -2*d + 2*r + 2022 = 0, 3*d + 2*r = 4721 - 1708. What is the highest common divisor of b and d?
19
Let u be 4 + 0 + (-52)/26. Let s be -4 - u - -9 - -97. What is the highest common factor of s and 25?
25
Let s be 1104/(-36)*(-72)/32. What is the greatest common divisor of 3795 and s?
69
Let w = 46 + -32. Suppose -3*d - 54 = -3*u, 7*d = -u + 2*d + 42. Suppose -r - u = -4*r + b, -13 = -2*r - b. Calculate the greatest common divisor of w and r.
7
Let p be -4 + (-450)/(-12) + (-6)/4. Calculate the greatest common divisor of p and 1368.
8
Let g be (18688/4088)/((-2)/(-14)). Suppose 5*s = 4*a + 2240, 3*a - 1344 = -s - 2*s. What is the highest common factor of g and s?
32
Let b be (-5 + (-3291)/15)*((-8)/(-12) - 4). Calculate the greatest common divisor of b and 330.
22
Suppose 330*q = 163*q + 161*q + 960. Let y(w) = -45*w - 1. Let f be y(1). Let i = -26 - f. What is the highest common factor of i and q?
20
Let h = -17 + 28. Suppose -3*d - d = -2*g + 100, -d - 125 = -3*g. Let f be 1344/g - ((-21)/15 + 2). Calculate the greatest common divisor of f and h.
11
Let d(r) = r**2 - 2*r - 19. Let v be d(-4). Let m be ((-30)/75)/((-2)/460) - v. What is the greatest common factor of 3 and m?
3
Let i(r) = -446*r - 2345. Let s be i(-12). What is the highest common divisor of 388 and s?
97
Let j = 231 + -130. Suppose 5*k = -66 + j. Suppose k*b = 20*b - 468. Calculate the greatest common divisor of b and 9.
9
Let p = 4711 + 14957. Calculate the highest common factor of p and 66.
66
Let k be 95 - (1 + 0 - 2). Suppose -i = -3*m - 87, -i - 4*m - 5212 = -5264. Calculate the greatest common factor of i and k.
24
Let d be (-1)/1*6*(-65)/(-26). Let p be (-1 + (-33)/d)*(19 + 26). Calculate the greatest common divisor of 2 and p.
2
Suppose -67*k - 2*i + 10290 = -63*k, -4*i = 5*k - 12858. Calculate the greatest common factor of k and 468.
234
Suppose -5*m + 0 = -y + 41, -5*m = 0. Let u(l) = 11*l**2 + 20*l - 11. Let o be u(-5). What is the highest common factor of y and o?
41
Suppose -2*c - o + 91 = 0, 3*c + 220 = 8*c - 5*o. Let u be -126*(-3 - c/(-35)). Let x = u - 116. Calculate the greatest common divisor of x and 20.
20
Let t be (-616)/176*8/14. Let d be (-3*t/(-8))/((-114)/3952). Calculate the greatest common divisor of 286 and d.
26
Suppose 3*x - 135*x + 16*x + 13572 = 0. Calculate the greatest common divisor of x and 1395.
9
Let p be (-120)/(-5) + (2 - -2). Let c be 28/(-18)*(3 + -39). Calculate the highest common factor of c and p.
28
Suppose 3*y + 441 = 4*z, 3*y + 142 = 3*z - 296. Let o be 3230/22 + (-26)/y. Suppose 0 = 2*p - 7*p + 105. Calculate the highest common factor of o and p.
21
Suppose 26 = c + y, 0 = -5*c - y - 27 + 145. Suppose 3315 = 4*t - 2*w + 3*w, -4131 = -5*t + 3*w. What